t is the tens digit of 6987?
8
What is the units digit of 644?
4
What is the tens digit of 1737?
3
What is the units digit of 521?
1
What is the tens digit of 2128?
2
What is the thousands digit of 2196?
2
What is the tens digit of 14498?
9
What is the tens digit of 81234?
3
What is the thousands digit of 3087?
3
What is the tens digit of 44762?
6
What is the tens digit of 1605?
0
What is the tens digit of 554?
5
What is the tens digit of 26045?
4
What is the units digit of 8?
8
What is the hundreds digit of 16602?
6
What is the units digit of 3849?
9
What is the thousands digit of 91662?
1
What is the thousands digit of 72775?
2
What is the units digit of 12445?
5
What is the tens digit of 471?
7
What is the tens digit of 194326?
2
What is the units digit of 7247?
7
What is the hundreds digit of 9060?
0
What is the hundreds digit of 5208?
2
What is the tens digit of 291?
9
What is the tens digit of 16308?
0
What is the thousands digit of 67968?
7
What is the hundreds digit of 3974?
9
What is the tens digit of 584?
8
What is the tens digit of 1446?
4
What is the thousands digit of 13521?
3
What is the tens digit of 544?
4
What is the hundreds digit of 1064?
0
What is the tens digit of 52?
5
What is the thousands digit of 6610?
6
What is the ten thousands digit of 13901?
1
What is the hundreds digit of 839?
8
What is the tens digit of 32545?
4
What is the units digit of 9707?
7
What is the ten thousands digit of 82498?
8
What is the hundreds digit of 4449?
4
What is the tens digit of 6126?
2
What is the hundreds digit of 4030?
0
What is the thousands digit of 3686?
3
What is the hundreds digit of 6772?
7
What is the thousands digit of 45723?
5
What is the thousands digit of 2465?
2
What is the thousands digit of 153431?
3
What is the thousands digit of 5105?
5
What is the thousands digit of 4679?
4
What is the units digit of 93?
3
What is the tens digit of 122?
2
What is the units digit of 30326?
6
What is the thousands digit of 1627?
1
What is the ten thousands digit of 13664?
1
What is the hundreds digit of 7741?
7
What is the tens digit of 7722?
2
What is the tens digit of 23301?
0
What is the tens digit of 40?
4
What is the tens digit of 8726?
2
What is the units digit of 81298?
8
What is the units digit of 20589?
9
What is the tens digit of 347?
4
What is the thousands digit of 1159?
1
What is the ten thousands digit of 79605?
7
What is the thousands digit of 1115?
1
What is the units digit of 1780?
0
What is the tens digit of 631?
3
What is the ten thousands digit of 37779?
3
What is the units digit of 874?
4
What is the hundreds digit of 1485?
4
What is the thousands digit of 32394?
2
What is the hundreds digit of 21293?
2
What is the tens digit of 51320?
2
What is the tens digit of 2353?
5
What is the hundreds digit of 8303?
3
What is the tens digit of 362?
6
What is the thousands digit of 81509?
1
What is the units digit of 25797?
7
What is the units digit of 31937?
7
What is the hundreds digit of 172?
1
What is the units digit of 2318?
8
What is the units digit of 1701?
1
What is the hundreds digit of 7985?
9
What is the units digit of 9431?
1
What is the hundreds digit of 1313?
3
What is the tens digit of 25358?
5
What is the tens digit of 103889?
8
What is the thousands digit of 9310?
9
What is the thousands digit of 25831?
5
What is the units digit of 2343?
3
What is the tens digit of 32463?
6
What is the hundreds digit of 11029?
0
What is the units digit of 9357?
7
What is the tens digit of 519?
1
What is the tens digit of 64314?
1
What is the tens digit of 1543?
4
What is the tens digit of 141241?
4
What is the units digit of 1419?
9
What is the units digit of 1196?
6
What is the hundreds digit of 187?
1
What is the hundreds digit of 106323?
3
What is the thousands digit of 12601?
2
What is the units digit of 10720?
0
What is the hundreds digit of 12911?
9
What is the tens digit of 8307?
0
What is the tens digit of 894?
9
What is the hundreds digit of 1226?
2
What is the units digit of 1356?
6
What is the ten thousands digit of 13361?
1
What is the tens digit of 59651?
5
What is the hundreds digit of 254?
2
What is the tens digit of 21040?
4
What is the thousands digit of 6583?
6
What is the units digit of 44207?
7
What is the hundreds digit of 106499?
4
What is the tens digit of 650?
5
What is the thousands digit of 6839?
6
What is the ten thousands digit of 13774?
1
What is the tens digit of 3104?
0
What is the tens digit of 37560?
6
What is the hundreds digit of 480?
4
What is the units digit of 160?
0
What is the units digit of 4172?
2
What is the hundreds digit of 19192?
1
What is the hundreds digit of 653?
6
What is the thousands digit of 14979?
4
What is the tens digit of 4673?
7
What is the thousands digit of 1052?
1
What is the ten thousands digit of 30776?
3
What is the hundreds digit of 219?
2
What is the hundreds digit of 271?
2
What is the tens digit of 57063?
6
What is the hundreds digit of 164958?
9
What is the thousands digit of 5443?
5
What is the ten thousands digit of 28022?
2
What is the tens digit of 19167?
6
What is the thousands digit of 2446?
2
What is the thousands digit of 6404?
6
What is the tens digit of 38675?
7
What is the hundreds digit of 1312?
3
What is the units digit of 872?
2
What is the units digit of 11589?
9
What is the tens digit of 3654?
5
What is the thousands digit of 8760?
8
What is the ten thousands digit of 16584?
1
What is the tens digit of 906?
0
What is the units digit of 84013?
3
What is the hundreds digit of 2030?
0
What is the units digit of 397?
7
What is the ten thousands digit of 34600?
3
What is the tens digit of 70032?
3
What is the tens digit of 18336?
3
What is the tens digit of 6520?
2
What is the hundreds digit of 38547?
5
What is the hundreds digit of 13061?
0
What is the hundreds digit of 3861?
8
What is the ten thousands digit of 63519?
6
What is the tens digit of 830?
3
What is the hundreds digit of 581?
5
What is the units digit of 67382?
2
What is the tens digit of 7845?
4
What is the units digit of 1447?
7
What is the hundreds digit of 1103?
1
What is the thousands digit of 5010?
5
What is the thousands digit of 1834?
1
What is the hundreds digit of 10926?
9
What is the thousands digit of 2938?
2
What is the units digit of 6745?
5
What is the thousands digit of 3398?
3
What is the ten thousands digit of 15759?
1
What is the tens digit of 15918?
1
What is the hundreds digit of 76570?
5
What is the ten thousands digit of 28181?
2
What is the tens digit of 53118?
1
What is the tens digit of 440?
4
What is the hundreds digit of 5179?
1
What is the tens digit of 3015?
1
What is the tens digit of 791?
9
What is the units digit of 3039?
9
What is the hundreds digit of 1287?
2
What is the tens digit of 8777?
7
What is the tens digit of 37603?
0
What is the tens digit of 759?
5
What is the hundreds digit of 20337?
3
What is the thousands digit of 14918?
4
What is the thousands digit of 5977?
5
What is the tens digit of 178973?
7
What is the units digit of 28319?
9
What is the hundreds digit of 51039?
0
What is the tens digit of 5738?
3
What is the tens digit of 1984?
8
What is the units digit of 1847?
7
What is the ten thousands digit of 21898?
2
What is the hundreds digit of 60438?
4
What is the thousands digit of 94285?
4
What is the tens digit of 763?
6
What is the thousands digit of 17476?
7
What is the ten thousands digit of 65549?
6
What is the thousands digit of 14846?
4
What is the thousands digit of 3508?
3
What is the tens digit of 144941?
4
What is the hundreds digit of 98844?
8
What is the units digit of 21025?
5
What is the units digit of 83812?
2
What is the hundreds digit of 5090?
0
What is the thousands digit of 3165?
3
What is the tens digit of 60?
6
What is the tens digit of 4280?
8
What is the tens digit of 80905?
0
What is the tens digit of 2596?
9
What is the units digit of 1123?
3
What is the hundreds digit of 376?
3
What is the units digit of 4831?
1
What is the thousands digit of 1500?
1
What is the hundreds digit of 6873?
8
What is the hundreds digit of 13501?
5
What is the units digit of 1540?
0
What is the units digit of 41368?
8
What is the hundreds digit of 1682?
6
What is the hundreds digit of 102?
1
What is the hundreds digit of 8560?
5